5257
In base 4, what is -123322 - -1310212120?
1310022132
In base 10, what is 7 + 30209378?
30209385
In base 12, what is 117bb0 + 4?
117bb4
In base 7, what is 135311 + 165264?
333605
In base 4, what is 111203330 + -2231?
111201033
In base 8, what is 1 + -2526275?
-2526274
In base 12, what is 3040 - 265?
2997
In base 14, what is -1 - -41aa73?
41aa72
In base 8, what is 244042 + -21?
244021
In base 8, what is -40627 + 7331?
-31276
In base 5, what is 12 - -100423334?
100423401
In base 12, what is 1 - -9b62ba32?
9b62ba33
In base 11, what is 48448270 - -4?
48448274
In base 14, what is -ad35d1 + 1?
-ad35d0
In base 7, what is -104155031 - -2?
-104155026
In base 3, what is -1202102021222022 - 1?
-1202102021222100
In base 11, what is 2755 - 4653?
-19a9
In base 9, what is 575 - 12853?
-12267
In base 14, what is 2 - 36c88d8?
-36c88d6
In base 16, what is -185 + 10380?
101fb
In base 15, what is -246 + -c1de?
-c435
In base 16, what is 3 + 31251ff?
3125202
In base 10, what is 48876503 - 4?
48876499
In base 16, what is -166 + -2e56f?
-2e6d5
In base 3, what is -11 - 110221102011100?
-110221102011111
In base 6, what is -1015 + 403114?
402055
In base 6, what is 1415 - 1531513?
-1530054
In base 2, what is -1010110110010011111 + -10111111?
-1010110110101011110
In base 8, what is 41 + -25062570?
-25062527
In base 5, what is 2041340 - 13201?
2023134
In base 16, what is -1af7d7 - 1d?
-1af7f4
In base 5, what is 1413340033 - -4?
1413340042
In base 15, what is 19153 - 27?
1912b
In base 9, what is -162 + -72172?
-72344
In base 14, what is -13020 + 12?
-1300c
In base 7, what is -230 - 506003?
-506233
In base 10, what is 138799185 + -1?
138799184
In base 7, what is -261361201 - 2?
-261361203
In base 8, what is 442611 - 1007?
441602
In base 9, what is 5347 + -6865?
-1517
In base 9, what is 2728171 + 14?
2728185
In base 7, what is 2 - 222612020?
-222612015
In base 10, what is -12 + -4748?
-4760
In base 3, what is -2020220221000 + -11?
-2020220221011
In base 16, what is 50f - -290a?
2e19
In base 15, what is 27580 + 22?
275a2
In base 3, what is 2001021 + -21122021?
-12121000
In base 12, what is 5b26 + -1?
5b25
In base 13, what is -36b + 25026?
24988
In base 16, what is 35b - 17c73?
-17918
In base 13, what is 0 - -290708c?
290708c
In base 12, what is 36405 + 71a?
36b23
In base 8, what is -2330 + -13045?
-15375
In base 6, what is 10212412 + 2513?
10215325
In base 8, what is 6270 + -75?
6173
In base 11, what is 36807870 + -6?
36807865
In base 11, what is -660434a3 - 1?
-660434a4
In base 12, what is -620230a - -8?
-6202302
In base 14, what is -10746d75 - -4?
-10746d71
In base 12, what is -1474 + 8aa32?
8957a
In base 16, what is -95 + 6f79?
6ee4
In base 11, what is 1 - -a84077?
a84078
In base 2, what is -100 + 101011000100111100000?
101011000100111011100
In base 5, what is -344110 + 1041112?
142002
In base 2, what is 10101001011111 + 1111100001110111?
10010001011010110
In base 4, what is 10333 - 332131121?
-332120122
In base 10, what is -1 + 2172378?
2172377
In base 6, what is -125200 - 423431?
-553031
In base 9, what is -7368604 + -4?
-7368608
In base 5, what is -14021334301 + -23?
-14021334324
In base 6, what is 4 - -1020414302?
1020414310
In base 14, what is -2c25395 + 4?
-2c25391
In base 16, what is e6c - -d37c?
e1e8
In base 11, what is 34 + -62989?
-62955
In base 3, what is -1022100001100 + 12?
-1022100001011
In base 6, what is -44504 - 2244?
-51152
In base 13, what is 0 + -3318c785?
-3318c785
In base 2, what is 10100000001000 + -110010101010111?
-11110101001111
In base 10, what is 77730 - -1576?
79306
In base 14, what is -3bd - 1281?
-1660
In base 14, what is -4 + 8ac6130?
8ac612a
In base 15, what is -214 - -8608?
83e4
In base 10, what is -23051 - 200?
-23251
In base 2, what is -11101001111101001010101 - 1110111?
-11101001111101011001100
In base 9, what is 22 - 4562183?
-4562161
In base 12, what is 7 + 26a9673?
26a967a
In base 2, what is -111 + -10011000001001010010?
-10011000001001011001
In base 4, what is 313 + -211211113?
-211210200
In base 13, what is 645a64 + b?
645a72
In base 8, what is -1731216 + 3213?
-1726003
In base 14, what is -4 - 47a1658?
-47a165c
In base 8, what is -37205 + -3175?
-42402
In base 15, what is 46a + 526?
991
In base 6, what is -4200012543 - 4?
-4200012551
In base 8, what is 35 - -5217664?
5217721
In base 13, what is 1422 - 21387?
-1cc65
In base 12, what is 4719 - 437?
42a2
In base 16, what is 969aae - 0?
969aae
In base 11, what is -105523a6 + 0?
-105523a6
In base 5, what is 23304 - 140102?
-111243
In base 6, what is -215100434 - -24?
-215100410
In base 14, what is -11605523d - 5?
-116055244
In base 7, what is 1005650533 - -5?
1005650541
In base 9, what is 11 + -174020?
-174008
In base 9, what is 1414 + 3227?
4642
In base 2, what is -11110100100111100 - 100010100?
-11110101001010000
In base 3, what is 112120 - 221010020000?
-221002200110
In base 7, what is -4 - -11343324?
11343320
In base 15, what is 383 - -5a48?
5dcb
In base 10, what is -8893 - 207?
-9100
In base 9, what is 1442012 + 138?
1442151
In base 10, what is 7458 + 108621?
116079
In base 4, what is -113112020 - -30?
-113111330
In base 2, what is -10101011010 + -111111001001101?
-1000001110100111
In base 14, what is -1c017 + 386?
-1ba71
In base 15, what is 12 + -12dc6b?
-12dc59
In base 3, what is 1220212001120 - -1?
1220212001121
In base 13, what is 846011c + -15?
8460107
In base 10, what is 30 - -1843926?
1843956
In base 5, what is -12414331 + 111402?
-12302424
In base 11, what is -2 + 2138490?
2138489
In base 5, what is -242303 - -11433?
-230320
In base 13, what is -233 - 56612?
-56845
In base 7, what is 363 + -352631?
-352235
In base 14, what is -2157 - -2a12?
899
In base 15, what is 88b + 17499?
17d35
In base 8, what is -2140620 - 6?
-2140626
In base 7, what is 1 - 121112461?
-121112460
In base 5, what is 434 + -10304223?
-10303234
In base 2, what is 10001101111000101110010 - 0?
10001101111000101110010
In base 2, what is 101010110111 - 101000100010?
10010101
In base 15, what is 3ce3d - -5ea?
3d538
In base 6, what is 2 - -111432330?
111432332
In base 13, what is 79c215 - 89?
79c159
In base 7, what is -656660311 - -2?
-656660306
In base 13, what is -2a + c0c640?
c0c613
In base 5, what is 20122 - -1131324?
1202001
In base 5, what is -2142 + -1433222?
-1440414
In base 15, what is -38 + d611e?
d60d6
In base 5, what is 1 - 343434423?
-343434422
In base 7, what is -11150 + -144114?
-155264
In base 10, what is 20 - 8952001?
-8951981
In base 7, what is 623 + 6231461?
6232414
In base 12, what is 1 + 21b8344?
21b8345
In base 3, what is -10111222010200 + 112?
-10111222010011
In base 16, what is c + 13eb597?
13eb5a3
In base 16, what is -12 + -3ed240?
-3ed252
In base 12, what is 1400 + -14882?
-13482
In base 3, what is -12 - -2210101200000?
2210101122211
In base 4, what is -12203 + -1331020?
-2003223
In base 7, what is 0 - -233441154?
233441154
In base 9, what is 187812 - 8?
187803
In base 14, what is 198b51 + -19?
198b36
In base 3, what is -202111 + -201221211?
-202201022
In base 4, what is -1322 + -30302120?
-30310102
In base 8, what is -437123137 - 7?
-437123146
In base 14, what is 53a3 + 371?
5734
In base 8, what is -5 + 116165733?
116165726
In base 2, what is 100011110011101101100 + 11011?
100011110011110000111
In base 3, what is -212202212010010121 - 10?
-212202212010010201
In base 2, what is -101110011011011 - -1001010011?
-101101010001000
In base 10, what is -22 + 6558211?
6558189
In base 4, what is 2103103301310 + 3?
2103103301313
In base 11, what is -394214 - -4?
-394210
In base 6, what is 10551415 - -1?
10551420
In base 15, what is -69 - -52501d?
524ea4
In base 15, what is 38 - -6e852?
6e88a
In base 7, what is -1 - 226440133?
-226440134
In base 13, what is -30b6 - 6390?
-9476
In base 13, what is -9a40b9b + 1?
-9a40b9a
In base 11, what is 50743 - 625?
50119
In base 12, what is -7 - -7570ba?
7570b3
In base 5, what is -3200 + 41332430?
41324230
In base 14, what is -3 - 92293b1?
-92293b4
In base 7, what is -2542301013 + 2?
-2542301011
In base 10, what is 7521203 - 0?
7521203
In base 15, what is -3bd - 8561?
-892e
In base 14, what is -1 - -510ac30?
510ac2d
In base 8, what is 5625752 + 65?
5626037
In base 14, what is -3 + -29b2932?
-29b2935
In base 6, what is 20 + -12513201?
-12513141
In base